 hundreds digit of 6929?
9
What is the tens digit of 5471?
7
What is the thousands digit of 11080?
1
What is the units digit of 11417?
7
What is the thousands digit of 19172?
9
What is the thousands digit of 33797?
3
What is the thousands digit of 8828?
8
What is the units digit of 3283?
3
What is the hundreds digit of 1010?
0
What is the tens digit of 206?
0
What is the tens digit of 5714?
1
What is the thousands digit of 2351?
2
What is the tens digit of 95?
9
What is the ten thousands digit of 20261?
2
What is the thousands digit of 1316?
1
What is the units digit of 4190?
0
What is the thousands digit of 13583?
3
What is the units digit of 8801?
1
What is the thousands digit of 15205?
5
What is the hundreds digit of 6849?
8
What is the units digit of 2881?
1
What is the ten thousands digit of 61352?
6
What is the hundreds digit of 2000?
0
What is the units digit of 914?
4
What is the thousands digit of 17931?
7
What is the tens digit of 1149?
4
What is the hundreds digit of 2424?
4
What is the units digit of 3762?
2
What is the tens digit of 737?
3
What is the hundreds digit of 9143?
1
What is the units digit of 814?
4
What is the units digit of 444?
4
What is the ten thousands digit of 52722?
5
What is the units digit of 20023?
3
What is the tens digit of 17967?
6
What is the tens digit of 13166?
6
What is the tens digit of 993?
9
What is the thousands digit of 18581?
8
What is the tens digit of 135091?
9
What is the thousands digit of 25116?
5
What is the hundreds digit of 753?
7
What is the thousands digit of 6832?
6
What is the units digit of 89308?
8
What is the tens digit of 54606?
0
What is the hundreds digit of 1039?
0
What is the hundreds digit of 1286?
2
What is the units digit of 1773?
3
What is the tens digit of 7998?
9
What is the thousands digit of 2063?
2
What is the tens digit of 94862?
6
What is the thousands digit of 1559?
1
What is the ten thousands digit of 33402?
3
What is the thousands digit of 31342?
1
What is the units digit of 2777?
7
What is the units digit of 615?
5
What is the ten thousands digit of 57103?
5
What is the tens digit of 95?
9
What is the units digit of 1191?
1
What is the tens digit of 65898?
9
What is the thousands digit of 12424?
2
What is the thousands digit of 11800?
1
What is the units digit of 12094?
4
What is the hundreds digit of 601?
6
What is the units digit of 17740?
0
What is the units digit of 838?
8
What is the hundreds digit of 4719?
7
What is the hundreds digit of 155?
1
What is the units digit of 13373?
3
What is the tens digit of 4576?
7
What is the thousands digit of 8689?
8
What is the tens digit of 3803?
0
What is the tens digit of 2097?
9
What is the hundreds digit of 1675?
6
What is the ten thousands digit of 35367?
3
What is the hundreds digit of 53122?
1
What is the tens digit of 2079?
7
What is the tens digit of 611?
1
What is the thousands digit of 71123?
1
What is the tens digit of 17505?
0
What is the tens digit of 6990?
9
What is the units digit of 642?
2
What is the thousands digit of 3426?
3
What is the thousands digit of 8952?
8
What is the hundreds digit of 13943?
9
What is the tens digit of 8517?
1
What is the tens digit of 12598?
9
What is the hundreds digit of 23869?
8
What is the tens digit of 61571?
7
What is the units digit of 2250?
0
What is the units digit of 5828?
8
What is the thousands digit of 5095?
5
What is the units digit of 6693?
3
What is the units digit of 79716?
6
What is the tens digit of 2811?
1
What is the units digit of 3010?
0
What is the thousands digit of 3068?
3
What is the ten thousands digit of 88732?
8
What is the units digit of 240?
0
What is the hundreds digit of 3292?
2
What is the units digit of 3410?
0
What is the tens digit of 67761?
6
What is the ten thousands digit of 73095?
7
What is the thousands digit of 1261?
1
What is the tens digit of 624?
2
What is the units digit of 39258?
8
What is the tens digit of 4354?
5
What is the units digit of 11943?
3
What is the tens digit of 1285?
8
What is the tens digit of 1981?
8
What is the thousands digit of 125951?
5
What is the units digit of 53754?
4
What is the thousands digit of 25846?
5
What is the units digit of 18718?
8
What is the units digit of 37761?
1
What is the hundreds digit of 4874?
8
What is the tens digit of 5253?
5
What is the thousands digit of 1605?
1
What is the units digit of 21597?
7
What is the hundreds digit of 550?
5
What is the tens digit of 2617?
1
What is the units digit of 55909?
9
What is the units digit of 1196?
6
What is the tens digit of 1630?
3
What is the units digit of 10194?
4
What is the hundreds digit of 4017?
0
What is the thousands digit of 1008?
1
What is the tens digit of 60?
6
What is the units digit of 7182?
2
What is the tens digit of 2556?
5
What is the thousands digit of 1827?
1
What is the thousands digit of 2312?
2
What is the tens digit of 97?
9
What is the ten thousands digit of 125696?
2
What is the hundreds digit of 3844?
8
What is the hundreds digit of 58405?
4
What is the hundreds digit of 3049?
0
What is the tens digit of 558?
5
What is the units digit of 5939?
9
What is the hundreds digit of 8380?
3
What is the thousands digit of 31544?
1
What is the units digit of 67688?
8
What is the tens digit of 1065?
6
What is the thousands digit of 1377?
1
What is the hundreds digit of 40041?
0
What is the tens digit of 2106?
0
What is the units digit of 4558?
8
What is the thousands digit of 34219?
4
What is the tens digit of 689?
8
What is the units digit of 26?
6
What is the units digit of 31241?
1
What is the ten thousands digit of 102012?
0
What is the ten thousands digit of 15783?
1
What is the ten thousands digit of 45755?
4
What is the units digit of 67072?
2
What is the thousands digit of 1836?
1
What is the units digit of 7073?
3
What is the units digit of 104276?
6
What is the tens digit of 112?
1
What is the thousands digit of 85026?
5
What is the thousands digit of 1976?
1
What is the units digit of 7454?
4
What is the tens digit of 791?
9
What is the units digit of 1215?
5
What is the units digit of 126328?
8
What is the tens digit of 14132?
3
What is the tens digit of 5103?
0
What is the tens digit of 63863?
6
What is the tens digit of 1293?
9
What is the units digit of 1005?
5
What is the hundred thousands digit of 150467?
1
What is the tens digit of 1179?
7
What is the thousands digit of 3562?
3
What is the ten thousands digit of 10367?
1
What is the tens digit of 2123?
2
What is the units digit of 2414?
4
What is the units digit of 4210?
0
What is the units digit of 88241?
1
What is the tens digit of 17248?
4
What is the tens digit of 732?
3
What is the hundreds digit of 1322?
3
What is the units digit of 40?
0
What is the ten thousands digit of 12359?
1
What is the thousands digit of 64323?
4
What is the tens digit of 2171?
7
What is the thousands digit of 12273?
2
What is the tens digit of 6595?
9
What is the units digit of 5042?
2
What is the hundreds digit of 1010?
0
What is the ten thousands digit of 96051?
9
What is the tens digit of 160?
6
What is the thousands digit of 8774?
8
What is the hundreds digit of 1044?
0
What is the thousands digit of 4467?
4
What is the tens digit of 40019?
1
What is the ten thousands digit of 34790?
3
What is the units digit of 1407?
7
What is the ten thousands digit of 15385?
1
What is the thousands digit of 1102?
1
What is the hundreds digit of 13754?
7
What is the hundreds digit of 69443?
4
What is the hundreds digit of 6278?
2
What is the hundreds digit of 2870?
8
What is the units digit of 28753?
3
What is the hundreds digit of 54729?
7
What is the hundreds digit of 779?
7
What is the hundreds digit of 18684?
6
What is the hundreds digit of 543?
5
What is the units digit of 590?
0
What is the hundreds digit of 1373?
3
What is the units digit of 310?
0
What is the tens digit of 713?
1
What is the hundreds digit of 1200?
2
What is the hundreds digit of 2343?
3
What is the hundreds digit of 423?
4
What is the hundreds digit of 7770?
7
What is the units digit of 29045?
5
What is the hundreds digit of 3677?
6
What is the hundreds digit of 4681?
6
What is the units digit of 57408?
8
What is the tens digit of 5985?
8
What is the thousands digit of 119449?
9
What is the units digit o